{"id":41,"date":"2024-02-14T13:16:10","date_gmt":"2024-02-14T12:16:10","guid":{"rendered":"https:\/\/www.yardsteel.sk\/?page_id=41"},"modified":"2024-05-20T14:14:09","modified_gmt":"2024-05-20T12:14:09","slug":"kontakt","status":"publish","type":"page","link":"https:\/\/www.yardsteel.sk\/?page_id=41","title":{"rendered":"KONTAKT"},"content":{"rendered":"\n<p><strong>Kontaktn\u00e1 osoba:<\/strong><\/p>\n\n\n\n<p>Ing. Roman Vlnka (konate\u013e)<br>vlnka@yardsteel.sk<br>+421 \/0\/903 731 332<\/p>\n\n\n\n<p><strong>Office (s\u00eddlo firmy, po\u0161tov\u00e1 adresa):<\/strong><\/p>\n\n\n\n<p>YARD STEEL, s. r. o.<br>Lama\u010dsk\u00e1 cesta 69<br>841 03 Bratislava<\/p>\n\n\n\n<p>I\u010cO: 52 081 435<br>DI\u010c: 2120894831<br>I\u010c DPH: SK2120894831<\/p>\n\n\n\n<iframe src=\"https:\/\/www.google.com\/maps\/embed?pb=!1m18!1m12!1m3!1d2660.289682063794!2d17.05260277610724!3d48.18176984808392!2m3!1f0!2f0!3f0!3m2!1i1024!2i768!4f13.1!3m3!1m2!1s0x476c8c885af5e2a7%3A0x42d008bb7fbae3b5!2sLama%C4%8Dsk%C3%A1%20cesta%206699%2F69%2C%20841%2003%20Bratislava!5e0!3m2!1ssk!2ssk!4v1708349690924!5m2!1ssk!2ssk\" width=\"800\" height=\"300\" style=\"border:0;\" allowfullscreen=\"\" loading=\"lazy\" referrerpolicy=\"no-referrer-when-downgrade\"><\/iframe>\n\n\n\n<p><\/p>\n\n\n\n<p><\/p>\n","protected":false},"excerpt":{"rendered":"<p>Kontaktn\u00e1 osoba: Ing. Roman Vlnka (konate\u013e)vlnka@yardsteel.sk+421 \/0\/903 731 332 Office (s\u00eddlo firmy, po\u0161tov\u00e1 adresa): YARD STEEL, s. r. o.Lama\u010dsk\u00e1 cesta 69841 03 Bratislava I\u010cO: 52 081 435DI\u010c: 2120894831I\u010c DPH: SK2120894831<\/p>\n","protected":false},"author":1,"featured_media":0,"parent":0,"menu_order":0,"comment_status":"closed","ping_status":"closed","template":"page-templates\/full-width.php","meta":{"_monsterinsights_skip_tracking":false,"_monsterinsights_sitenote_active":false,"_monsterinsights_sitenote_note":"","_monsterinsights_sitenote_category":0,"footnotes":""},"class_list":["post-41","page","type-page","status-publish","hentry"],"yoast_head":"<!-- This site is optimized with the Yoast SEO plugin v22.7 - https:\/\/yoast.com\/wordpress\/plugins\/seo\/ -->\n<title>KONTAKT - YARD STEEL<\/title>\n<meta name=\"robots\" content=\"index, follow, max-snippet:-1, max-image-preview:large, max-video-preview:-1\" \/>\n<link rel=\"canonical\" href=\"https:\/\/www.yardsteel.sk\/?page_id=41\" \/>\n<meta property=\"og:locale\" content=\"sk_SK\" \/>\n<meta property=\"og:type\" content=\"article\" \/>\n<meta property=\"og:title\" content=\"KONTAKT - YARD STEEL\" \/>\n<meta property=\"og:description\" content=\"Kontaktn\u00e1 osoba: Ing. Roman Vlnka (konate\u013e)vlnka@yardsteel.sk+421 \/0\/903 731 332 Office (s\u00eddlo firmy, po\u0161tov\u00e1 adresa): YARD STEEL, s. r. o.Lama\u010dsk\u00e1 cesta 69841 03 Bratislava I\u010cO: 52 081 435DI\u010c: 2120894831I\u010c DPH: SK2120894831\" \/>\n<meta property=\"og:url\" content=\"https:\/\/www.yardsteel.sk\/?page_id=41\" \/>\n<meta property=\"og:site_name\" content=\"YARD STEEL\" \/>\n<meta property=\"article:modified_time\" content=\"2024-05-20T12:14:09+00:00\" \/>\n<meta name=\"twitter:card\" content=\"summary_large_image\" \/>\n<meta name=\"twitter:label1\" content=\"Predpokladan\u00fd \u010das \u010d\u00edtania\" \/>\n\t<meta name=\"twitter:data1\" content=\"1 min\u00fata\" \/>\n<script type=\"application\/ld+json\" class=\"yoast-schema-graph\">{\"@context\":\"https:\/\/schema.org\",\"@graph\":[{\"@type\":\"WebPage\",\"@id\":\"https:\/\/www.yardsteel.sk\/?page_id=41\",\"url\":\"https:\/\/www.yardsteel.sk\/?page_id=41\",\"name\":\"KONTAKT - YARD STEEL\",\"isPartOf\":{\"@id\":\"https:\/\/www.yardsteel.sk\/#website\"},\"datePublished\":\"2024-02-14T12:16:10+00:00\",\"dateModified\":\"2024-05-20T12:14:09+00:00\",\"breadcrumb\":{\"@id\":\"https:\/\/www.yardsteel.sk\/?page_id=41#breadcrumb\"},\"inLanguage\":\"sk-SK\",\"potentialAction\":[{\"@type\":\"ReadAction\",\"target\":[\"https:\/\/www.yardsteel.sk\/?page_id=41\"]}]},{\"@type\":\"BreadcrumbList\",\"@id\":\"https:\/\/www.yardsteel.sk\/?page_id=41#breadcrumb\",\"itemListElement\":[{\"@type\":\"ListItem\",\"position\":1,\"name\":\"Home\",\"item\":\"https:\/\/www.yardsteel.sk\/\"},{\"@type\":\"ListItem\",\"position\":2,\"name\":\"KONTAKT\"}]},{\"@type\":\"WebSite\",\"@id\":\"https:\/\/www.yardsteel.sk\/#website\",\"url\":\"https:\/\/www.yardsteel.sk\/\",\"name\":\"YARD STEEL\",\"description\":\"stavebn\u00e9 z\u00e1mo\u010dn\u00edctvo v dosahu\",\"potentialAction\":[{\"@type\":\"SearchAction\",\"target\":{\"@type\":\"EntryPoint\",\"urlTemplate\":\"https:\/\/www.yardsteel.sk\/?s={search_term_string}\"},\"query-input\":\"required name=search_term_string\"}],\"inLanguage\":\"sk-SK\"}]}<\/script>\n<!-- \/ Yoast SEO plugin. -->","yoast_head_json":{"title":"KONTAKT - YARD STEEL","robots":{"index":"index","follow":"follow","max-snippet":"max-snippet:-1","max-image-preview":"max-image-preview:large","max-video-preview":"max-video-preview:-1"},"canonical":"https:\/\/www.yardsteel.sk\/?page_id=41","og_locale":"sk_SK","og_type":"article","og_title":"KONTAKT - YARD STEEL","og_description":"Kontaktn\u00e1 osoba: Ing. Roman Vlnka (konate\u013e)vlnka@yardsteel.sk+421 \/0\/903 731 332 Office (s\u00eddlo firmy, po\u0161tov\u00e1 adresa): YARD STEEL, s. r. o.Lama\u010dsk\u00e1 cesta 69841 03 Bratislava I\u010cO: 52 081 435DI\u010c: 2120894831I\u010c DPH: SK2120894831","og_url":"https:\/\/www.yardsteel.sk\/?page_id=41","og_site_name":"YARD STEEL","article_modified_time":"2024-05-20T12:14:09+00:00","twitter_card":"summary_large_image","twitter_misc":{"Predpokladan\u00fd \u010das \u010d\u00edtania":"1 min\u00fata"},"schema":{"@context":"https:\/\/schema.org","@graph":[{"@type":"WebPage","@id":"https:\/\/www.yardsteel.sk\/?page_id=41","url":"https:\/\/www.yardsteel.sk\/?page_id=41","name":"KONTAKT - YARD STEEL","isPartOf":{"@id":"https:\/\/www.yardsteel.sk\/#website"},"datePublished":"2024-02-14T12:16:10+00:00","dateModified":"2024-05-20T12:14:09+00:00","breadcrumb":{"@id":"https:\/\/www.yardsteel.sk\/?page_id=41#breadcrumb"},"inLanguage":"sk-SK","potentialAction":[{"@type":"ReadAction","target":["https:\/\/www.yardsteel.sk\/?page_id=41"]}]},{"@type":"BreadcrumbList","@id":"https:\/\/www.yardsteel.sk\/?page_id=41#breadcrumb","itemListElement":[{"@type":"ListItem","position":1,"name":"Home","item":"https:\/\/www.yardsteel.sk\/"},{"@type":"ListItem","position":2,"name":"KONTAKT"}]},{"@type":"WebSite","@id":"https:\/\/www.yardsteel.sk\/#website","url":"https:\/\/www.yardsteel.sk\/","name":"YARD STEEL","description":"stavebn\u00e9 z\u00e1mo\u010dn\u00edctvo v dosahu","potentialAction":[{"@type":"SearchAction","target":{"@type":"EntryPoint","urlTemplate":"https:\/\/www.yardsteel.sk\/?s={search_term_string}"},"query-input":"required name=search_term_string"}],"inLanguage":"sk-SK"}]}},"_links":{"self":[{"href":"https:\/\/www.yardsteel.sk\/index.php?rest_route=\/wp\/v2\/pages\/41","targetHints":{"allow":["GET"]}}],"collection":[{"href":"https:\/\/www.yardsteel.sk\/index.php?rest_route=\/wp\/v2\/pages"}],"about":[{"href":"https:\/\/www.yardsteel.sk\/index.php?rest_route=\/wp\/v2\/types\/page"}],"author":[{"embeddable":true,"href":"https:\/\/www.yardsteel.sk\/index.php?rest_route=\/wp\/v2\/users\/1"}],"replies":[{"embeddable":true,"href":"https:\/\/www.yardsteel.sk\/index.php?rest_route=%2Fwp%2Fv2%2Fcomments&post=41"}],"version-history":[{"count":5,"href":"https:\/\/www.yardsteel.sk\/index.php?rest_route=\/wp\/v2\/pages\/41\/revisions"}],"predecessor-version":[{"id":148,"href":"https:\/\/www.yardsteel.sk\/index.php?rest_route=\/wp\/v2\/pages\/41\/revisions\/148"}],"wp:attachment":[{"href":"https:\/\/www.yardsteel.sk\/index.php?rest_route=%2Fwp%2Fv2%2Fmedia&parent=41"}],"curies":[{"name":"wp","href":"https:\/\/api.w.org\/{rel}","templated":true}]}}